late -3 - (1 + 0 + -5).
1
(3 - (0 + 4)) + 3
2
Calculate (5 - 10) + -8 + 12.
-1
Calculate -2 + (-1 - 2) + 4.
-1
Evaluate 0 + 1 - (4 + -3 - -3).
-3
Evaluate -13 - 3 - (5 - 6 - 6).
-9
Evaluate -8 - (-11 - -1) - (-1 - 2).
5
What is the value of 8 - 0 - (-4 + -6 + 13)?
5
What is the value of -18 + 10 + -2 + 1?
-9
Evaluate (0 + -11 - -6) + 2 + 1.
-2
Evaluate (-11 - (0 + -10)) + 9.
8
What is the value of -1 + 2 + -2 + -3 + 6?
2
Calculate -9 + 14 + (1 - -1 - 2).
5
Evaluate (2 + -3 - (1 + -2)) + -4.
-4
(2 - 2) + (-27 - -24)
-3
What is the value of 8 - (6 + (-8 - -4)) - 4?
2
Evaluate (2 - -3) + -1 - (6 + 0).
-2
What is the value of 9 + -1 + (-14 - -15)?
9
Evaluate -7 - (-5 - -2 - 6).
2
Calculate (-9 - -5) + 4 + 2.
2
0 + (-8 - (4 - 11))
-1
What is the value of -20 + (11 - 1) - (-6 + 1)?
-5
Evaluate (-7 - (-1 + -1)) + 9 + 5.
9
Calculate -10 + -13 + (6 - -18).
1
Evaluate 4 + 0 - (1 + -1 - 0).
4
What is -10 - -2 - (8 + -20)?
4
(-1 + 1 - 1) + (-27 - -31)
3
What is -3 + (14 + -4 - (0 - -3))?
4
What is the value of -1 + 3 - (-7 + 10) - 0?
-1
Evaluate (-7 - -11 - 4) + (-1 - 2).
-3
Calculate (2 - -3) + (22 - 26).
1
What is the value of 4 + (1 - 2) + (-111 - -106)?
-2
What is -11 + -7 + (6 - -8)?
-4
What is 2 + -5 + (14 + -7 - 7)?
-3
What is (-7 - -4) + 2 + (1 - -3)?
3
Evaluate (7 + -9 - 3) + 8.
3
Evaluate 4 + 4 + -10 + 2.
0
(-8 + 3 - -8) + 0
3
What is the value of 3 + 0 + (8 - (2 - -5))?
4
Evaluate -1 + 11 + (4 - 9).
5
What is the value of 3 + -3 + (-3 - 0 - -2)?
-1
3 - (1 - (3 - (-1 - -13)))
-7
What is -1 + 4 - 2 - 0?
1
Calculate -4 + (5 - 3 - (-5 + 1)).
2
3 - -3 - (4 + -3 + 0)
5
Evaluate -4 - -9 - (-6 - -5 - -4).
2
What is the value of -4 + -2 + (-5 - 1) + 11?
-1
(-42 - -49) + 0 + 1 - 9
-1
-2 + -6 + (-1 - (4 - 8))
-5
Evaluate -3 - (-9 + 11 - (4 - 2)).
-3
Calculate 4 - (3 - (2 - -1)).
4
What is the value of (4 - 6) + -6 - -5?
-3
What is the value of 0 + (11 - 20) + 0?
-9
Evaluate 1 + 0 - (-7 - -10 - 0).
-2
-2 + -1 + 6 + -1
2
Evaluate (-1 - (5 - 2)) + 8 + -4.
0
What is the value of -3 + (-4 - 7) - (11 - 17)?
-8
What is the value of -3 - 0 - (-3 + (4 - 4))?
0
What is 3 + (2 - (7 + -6))?
4
What is -4 + 4 - (2 + -4)?
2
3 + -4 + -2 + -2
-5
Evaluate (-11 - -15) + 1 + -4 + -1.
0
Calculate -7 - (5 + 4 + -10) - -3.
-3
Calculate -15 + -1 + 17 + (10 - 20).
-9
Calculate 0 - (5 - (9 + -1)).
3
4 + (-3 - 0 - -6) + -3
4
(-2 + 2 + -9 - -1) + 3
-5
Calculate 1 - (-4 + 2 + -2 - -8).
-3
-77 + 75 + 1 + 1 + 0
0
What is the value of 44 - 41 - (-2 - 0)?
5
Evaluate 3 - 8 - -5 - 7.
-7
Calculate -1 + (-4 - -8 - 2) - 2.
-1
What is (8 - (5 - -11)) + 6?
-2
Evaluate (3 + -18 - -10) + -1.
-6
2 + -4 + 1 + 5
4
Evaluate 2 + 1 + (1 + -4 - 2).
-2
What is -2 + 1 - (-1 + (7 - 6))?
-1
What is the value of -1 - -1 - 4 - (15 - 15)?
-4
What is the value of -2 - -1 - (0 + 3)?
-4
Evaluate 1 + 0 - 2 - (-1 - 0).
0
What is (-10 - 1 - -13) + 0?
2
What is -4 - (-5 + 0 + -3)?
4
What is the value of (2 - -1) + 0 - 7?
-4
7 + 3 + (-2 + 1 - 4)
5
Calculate 0 + -1 + 28 + -22.
5
1 + 2 - (27 + -22)
-2
Calculate -5 + -13 + 6 + 10.
-2
Evaluate (2 + -10 - -1) + 3 + -1.
-5
What is the value of -2 - 3 - (-4 - -4)?
-5
What is 5 + -8 + -6 + 11?
2
What is (-11 - -10) + -3 + (-1 - 0)?
-5
What is the value of (2 - 7) + -1 - -6?
0
Evaluate (-2 - -1) + (3 - 4) + -2.
-4
Calculate 2 + (5 - (4 - (7 - 10))).
0
What is 1 + 3 - (18 + -8 + -1)?
-5
(-8 - 0) + 6 + -3
-5
What is (-17 - -13) + 9 + -1 + -7?
-3
What is the value of -17 - (-14 + (4 - 0))?
-7
What is -5 - (4 - (4 - 0))?
-5
What is the value of 7 - (-7 - -10) - (0 - 0)?
4
Calculate -6 - (-13 + -1) - 6.
2
Calculate 0 + 0 + 0 + -1 - -3.
2
Calculate 1 + -6 + -3 + 8.
0
Evaluate 7 - (3 - -4 - (1 - -3)).
4
Calculate (-1 + 1 - 3) + 0 + -7.
-10
What is the value of -10 + (2 - -12) - (1 - -8)?
-5
What is 2 - (-3 + (3 - 1))?
3
Evaluate (6 - 6) + -3 - -3.
0
Evaluate 0 + 2 + -1 + 3 + 0.
4
2 + (-5 - (-5 + -5))
7
Evaluate -1 - (-6 + -1 + 2 - -6).
-2
What is (9 - (4 - -4)) + 7?
8
-21 - -25 - ((2 - 1) + 1)
2
What is 14 + (7 - 13) - 0?
8
Evaluate (-8 - -1) + -1 + 8.
0
Evaluate 0 - 5 - (14 + (-4 - 17)).
2
Calculate (163 - 154) + -16 + -1.
-8
Evaluate (-4 - 0) + 7 + 0.
3
What is the value of -6 - 4 - (-4 + 0) - -1?
-5
(17 - (7 - -1)) + -8
1
What is the value of (2 - -7) + -17 - -13?
5
What is the value of (-1 - (0 - 1)) + (-29 - -25)?
-4
What is the value of 1 + 1 + -6 + 4 + -3?
-3
What is the value of 20 - 31 - (-2 - 2)?
-7
What is 2 + (4 - (-2 + 6))?
2
Evaluate -32 + -18 + 46 - (0 - 0).
-4
-4 + 1 + -1 + -1
-5
Calculate -4 - -2 - (-8 - -7).
-1
Calculate 6 - (2 + 3 - (13 - 16)).
-2
Calculate (-5 - -4) + 1 - (1 - 0).
-1
5 + (-5 - -5) + -6 + 0
-1
Evaluate 15 - (-4 + 14 + 0 + -4).
9
What is the value of -1 - -2 - 0 - (5 + -2)?
-2
3 - (3 + -10 - -7)
3
Evaluate (-6 - 1) + (-8 - -16) + -8.
-7
What is the value of 1 + (-6 - -1) - -6 - -4?
6
What is the value of (3 - (2 + 4)) + 0?
-3
Calculate 2 - (-3 - (2 - (2 + 3))).
2
What is -5 - (-8 - (0 + -1))?
2
Evaluate (8 - 4) + -7 - -4.
1
-1 + 10 + -11 - -6
4
What is the value of -3 + 1 - (3 - -1 - 1)?
-5
What is 3 + -2 - 4 - -2?
-1
What is the value of (7 - 5) + 4 + -6?
0
Evaluate 0 + 3 + (-1 - 4).
-2
What is -3 + (-4 - 2) + 4?
-5
What is 1 + (2 - 4) + 6?
5
What is 0 + -6 + (-2 - -7) + -2?
-3
Evaluate 3 - 4 - (-8 + (10 - 3)).
0
8 + (1 + -7 - -5 - -1)
8
3 - (13 + -8 + 3 - 5)
0
What is 5 + -3 + (3 - 2) + -1?
2
-11 - (-6 + -4 + 3)
-4
Calculate 3 - (13 + 3 - 9).
-4
-5 - (-2 - (-7 + 19 - 7))
2
What is the value of -4 - (0 + -1) - (86 - 90)?
1
12 + (-7 - -4) + -8
1
What is -2 + (4 - 5) - 0?
-3
Evaluate 1 + 2 - (2 + 1 + -3).
3
-26 - -27 - (2 - 6 - 1)
6
What is the value of (10 - 5) + (1 - 0) + -3?
3
What is 5 + 4 + (-11 - -1) - -6?
5
Calculate 0 - (-1 + (-5 + 2 - -3)).
1
What is the value of (-7 - 0) + 1 + 6 - -3?
3
What is the value of (1 - 0 - (-18 + 21)) + 9?
7
-1 - -3 - (12 - 8 - 6)
4
7 + -8 + -4 + 2
-3
Evaluate -4 + 2 + 0 + 1.
-1
Evaluate (-2 - (-2 + 1) - -3) + 3.
5
What is 0 + (1 - 0) + (-9 - -6)?
-2
What is -3 + (9 - 4) - 5 - -6?
3
Evaluate -1 + 13 - (17 - 8).
3
What is -7 + (-9 - -7) + 13?
4
Calculate (-4 - (1 + -7)) + (3 - 1).
4
7 + 0 + (-6 - (-12 - -7))
6
What is -8 + 12 + -3 - 5?
-4
Evaluate 4 + -9 + -2 - -14 - 6.
1
What is the value of (-2 - 18) + -30 + 42?
-8
Evaluate -1 - (7 + -5 + -6).
3
Calculate (5 - 2) + 22 + -21 - 9.
-5
1 - (-4 - (-2 + -3))
0
What is (-2 + 3 - 3) + (-12 - -18)?
4
Calculate 0 + -9 - (-19 + 11) - 4.
-5
-1 - 3 - (-7 + -3 + 1)
5
What is the value of 5 - ((-11 - -11) + 0)?
5
What is the value of -2 + (-3 - -5) - (-4 - -1)?
3
What is the value of -10 + (9 - -3) - (7 - -1)?
-6
4 - 0 - (-3 + 7)
0
Calculate -19 + 1 + (13 - 4).
-9
What is -1 - ((-1 - -5) + -17 + 15)?
-3
6 - 1 - ((2 - -2) + -1)
2
What is (9 - 6) + (-6 - 1) + -6?
-10
Calculate -1 + 0 - (1 + 3 + -7).
2
-1 + 6 - (-8 - (-14 + 3))
2
What is the value of -21 - (-2 + -8) - (-2 + -2)?
-7
What is 13 - (-2 - (-6 - (-4 - -5)))?
8
Calculate 9 - (-1 - (4 - 9)).
5
Calculate -4 - (-2 + -8 + 1).
5
Calculate -3 + 9 + -2 + (-3 - 4).
-3
Evaluate -5 + 5 + -8 - -5.
-3
Calculate 1 - 2 - (217 - 223).
5
0 + 1 - (6 - 4) - -4
3
Calculate 28 + -29 - (-1 - 0 - -1).
-1
What is -2 + (-5 - -4) - (-2 - 1)?
0
Calculate 1 + 1 + 0 - (-19 + 17).
4
What is (6 - 1) + 8 + -10?
3
5 + (10 - 21 - (-5 - -1))
-2
Evaluate (2 - (4 + -1)) + -1 + 2.
0
What is the value of (6 - 3) + (-13 - -7)?
-3
(-4 + (-2 - -5) - -2) + -6
-5
What is 4 + -5 + 5 - (-5 + 8)?
1
Evaluate (-20 + 17 - (0 - 1)) + 6.
4
What is the value of -3 - -3 - (-6 + 2)?
4
What is (-2 + -1 - -2) + -4?
-5
Calculate 3 + (4 - 4) + 7.
10
Calculate -4 - ((2 - 6) + 0).
0
Evaluate -1 - (0 + 6 + -12 - 0).
5
What is the value of (9 - 12) + (-2 - -1)?
-4
Calculate -9 + 6 + 14 + -6.
5
5 - (19 + (-1 - (6 - 2)))
-9
What is -1 + 10 + 0 + (-2 - 1)?
6
Calculate 10 + (3 + -8 - 6 - -4).
3
Evaluate -28 + 31 + (4 - 1).
6
Calculate -1 + -8 + 3 + 3 - -7.
4
What is -7 + 6 + 1 - -4 - 8?
-4
What is (6 - 0) + 6 + -9 + -5?
-2
What is the value of -4 + -5 + 5 + 1?
-3
What is -6 + (0 - -6) + 0?
0
What is -5 + (6 - (5 - (5 + -3)))?
-2
Calculate -2 - (-3 - ((-10 - -1) + 4)).
-4
What is 5 + -8 - (9 + -4 + -2)?
-6
What is -4 + 2 + 1 + -2?
-3
(-5 - -1) + 4 + -1
-1
What is the value of (-10 - 1) + 4 + 0 + 1?
-6
1 + (-5 - -1) + 3 + 2
2
Evaluate -8 - (-4 - (-1 + 5)).
0
Evaluate 2 + (21 - 18) +